e greatest common divisor of l and 65?
5
Suppose -2*q - 2*q - 8 = 0. Let m be -2 + (-2)/(q/35). Suppose b = -3*n - 4, -12*n + 7*n + 8 = 3*b. Calculate the highest common factor of m and b.
11
Suppose 2*g = -0*g - 5*o - 10, 5*g = 3*o + 37. Let m be 3/g*100/4. What is the highest common divisor of 165 and m?
15
Let v(r) = 7*r - 8. Let p be v(5). Suppose -w - p = -4*w. What is the greatest common factor of 9 and w?
9
Suppose -7*t + o = -2*t - 384, -5*t + 380 = -5*o. Let i = -3047 + 3069. What is the greatest common factor of t and i?
11
Suppose 265 - 39 = v + 2*h, 25 = 5*h. Calculate the greatest common factor of v and 168.
24
Suppose 5 + 1 = 5*v - 2*t, 0 = 5*v + 3*t - 16. Suppose -v*s + 3*s = 30. What is the greatest common divisor of s and 6?
6
Suppose 5*u - 3*g - 1325 = 2*g, -5*g = -2*u + 527. Suppose -3*f + u = i, 0 = 3*f + i + i - 262. Calculate the highest common factor of f and 60.
30
Let k be 3 - (1 + 7)/(-2). Suppose -k*m + 2*m + 1870 = 0. What is the greatest common divisor of m and 34?
34
Suppose -108 = -4*g - 3*s + 153, 202 = 3*g - 4*s. Calculate the highest common factor of g and 77.
11
Let o = -2347 - -2364. Calculate the greatest common factor of 85 and o.
17
Suppose 5*o + r = 24, 3*r - 5*r + 18 = 4*o. Let c(k) = -k**2 + 6*k + 5. Let s be c(o). Calculate the highest common factor of s and 4.
2
Let n be (-1 - 2)/(10/120*-4). Let d = 237 - 156. Calculate the highest common factor of d and n.
9
Let i(h) = h**3 - 23*h**2 + 3*h - 35. Let m be i(23). What is the highest common divisor of m and 1479?
17
Let g = 16 + -13. Suppose 0 = -4*y + g*f + 42, 5*y - 4*f - 25 = 28. Let w = y + 20. Calculate the highest common factor of w and 319.
29
Suppose 21 = x - 27. Let z = -2 + 5. Suppose 4*t + 5 + 119 = 2*g, -z*g = -3*t - 201. What is the greatest common factor of g and x?
24
Let b(o) = o - 9. Let n be b(23). Calculate the highest common factor of 49 and n.
7
Suppose -3*b + 229 = -500. Calculate the highest common factor of 3 and b.
3
Suppose 653 = -5*c + 3*h, -38 - 220 = 2*c - 2*h. Let q = c - -201. What is the greatest common factor of 17 and q?
17
Let n = 3 - -8. Suppose -3*j + 5*i - 60 + 271 = 0, -4*j + i = -304. What is the highest common factor of n and j?
11
Let u(l) = 21 + 18*l - l**2 + 4 + 2*l**2. Let w be u(-18). What is the greatest common divisor of 10 and w?
5
Suppose -3*o - 4*j + 0*j + 322 = 0, -5*o + j + 575 = 0. Suppose 36 + o = 3*m. Calculate the highest common factor of m and 10.
10
Let w be 0 - (1 - 0 - 31). Suppose y = -3*h - 2*y, y = 4*h. Suppose h = 5*z - z - 40. What is the highest common divisor of w and z?
10
Suppose 4*k - 136 = -4*j, 2*j - 26 = -22. Calculate the highest common divisor of k and 11.
1
Let j(s) = -3*s - 2. Let w be j(-2). Suppose -154 = w*c - 494. Let g be 68*((-1)/(-1) - (-8)/(-16)). Calculate the highest common factor of c and g.
17
Suppose -540 = -5*h - 0*h - 3*g, 0 = g. What is the greatest common divisor of h and 4?
4
Let b be (-3)/((4/(-24))/((-1)/(-9))). Suppose -2*l = y + 47, 10*y = 2*l + 5*y + 53. Let d be l/(-10)*30/4. What is the highest common factor of b and d?
2
Let i = -126 + 225. Let x(v) = v**2 - 2*v - 6. Let s be x(5). What is the greatest common divisor of i and s?
9
Suppose 0*q + 2*m + 30 = 4*q, 36 = 3*q + 3*m. Calculate the greatest common factor of q and 4.
1
Let u(r) = -7*r - 2 - r + 20. Let x be u(-17). Calculate the highest common factor of 14 and x.
14
Let p(s) = -s**3 + 9*s**2 - 9*s + 6. Let a be p(6). Suppose -4*x - 4*g + 100 = 0, -x + 4*g = x - 80. Calculate the greatest common factor of a and x.
30
Let u = 55 + -51. Suppose 35 + u = 5*z - 3*d, 0 = z + d - 11. What is the highest common divisor of 72 and z?
9
Let s = 163 - 158. Calculate the highest common divisor of 25 and s.
5
Let j = -2 - 12. Let q = j - -17. Suppose -24 - 10 = -4*r - l, -l = q*r - 26. What is the greatest common factor of 2 and r?
2
Let g be (10/(-95) + 1183/(-133))*-143. What is the greatest common factor of g and 99?
99
Let w(f) = -4*f + 4. Suppose -14 = 4*n + 6. Let x be w(n). Let o = -17 - -25. What is the highest common factor of o and x?
8
Let i(n) be the second derivative of -n**3/6 - 9*n**2/2 - 7*n. Let h be i(-21). Calculate the highest common factor of 3 and h.
3
Suppose 3*t + 2*s = 78, -3*t + 99 = t + s. What is the greatest common divisor of 54 and t?
6
Suppose -3*u + 9 = 3*r, 4*r - 2*u + 4 + 2 = 0. Let l be 221 + (3 - r)/1. Let c = -70 + l. Calculate the greatest common divisor of 22 and c.
22
Let z = -20 + 11. Let i(h) = -3*h - 11. Let w be i(z). Let x be (-32)/(-6)*15/10. What is the highest common factor of w and x?
8
Suppose 2*u = -59 + 39. Let r be 1/((-11)/(-1716)*(-8)/u). What is the highest common divisor of 15 and r?
15
Suppose 4*w - 22 + 2 = 0. Let v(i) = -i**2 + 4*i + 5. Let u be v(w). Suppose 0 = -x + 6 - u. Calculate the highest common divisor of 66 and x.
6
Let f = -301 + 581. Calculate the highest common divisor of 80 and f.
40
Let r be (-1131)/12 - 1/(-4). Let b = 26 - r. Suppose 4*h - 188 = b. What is the greatest common factor of 7 and h?
7
Let l = 369 + -159. Calculate the highest common divisor of l and 7.
7
Suppose 7*i - 3*i = 92. Suppose 0 = -5*z - 3 + i. Let r = 0 + 4. What is the greatest common divisor of r and z?
4
Let o(z) be the first derivative of 45*z**2/2 - 1. Let g = -12 + 14. Let l be o(g). Calculate the greatest common divisor of l and 10.
10
Let a be ((-4*3)/2)/(-2). Suppose -t + a = -3. Calculate the highest common factor of 54 and t.
6
Let b be 206/10 + (-2)/(-5). Let n be 1 + b + 9/3. Suppose h - n = 35. What is the greatest common divisor of h and 12?
12
Let z be ((-234)/(-24) - 5) + 1/4. Let d be 6/15 + (-546)/(-10). What is the highest common divisor of z and d?
5
Suppose 2*d - 26 = -3*u, -2*u - d + 4*d + 13 = 0. Suppose 3*c = 0, 4*y - 16*c - 256 = -11*c. What is the greatest common divisor of u and y?
8
Suppose 0 = 5*m + 12 + 8. Let w(k) = -15*k - 4. Let x be w(m). Suppose -21 = -3*h + v, 5*h + 4*v - 2*v = 35. Calculate the greatest common divisor of x and h.
7
Suppose 0 = -9*a + 98 + 82. Let f be -1 - (-2 - 39)*1. Suppose 4*l + l - f = 0. Calculate the highest common divisor of a and l.
4
Suppose v = -v + 28. Let m be (-165)/90 - (-1)/(-6). Let k be (m*7)/((-7)/28). What is the greatest common divisor of k and v?
14
Suppose -1797 = -3*k - o, 5*k - 13*o - 2997 = -14*o. What is the greatest common factor of k and 50?
50
Suppose 4*c - 3*x = 5*c - 3, 2*c - 14 = -2*x. Let d = -11 - -17. Suppose -c*l + 60 = -d*l. Calculate the greatest common factor of 4 and l.
4
Let s = -64 - -66. Suppose -d = 4*d + 230. Let u = s - d. What is the highest common factor of 6 and u?
6
Let o(b) = -3*b**3 + 38*b**2 - 11*b + 16. Let d be o(12). What is the highest common divisor of 4 and d?
4
Let r = -816 - -818. Calculate the highest common factor of r and 278.
2
Let l(f) = -5*f**3 + 2*f**2 - 6. Let a be l(-3). Calculate the greatest common divisor of 63 and a.
21
Let w(h) = h**3 + 22*h**2 - 2*h + 60. Let o be w(-22). Calculate the greatest common factor of o and 260.
52
Let p be 5 + -3 + 6 + (-1360)/(-2). Calculate the greatest common factor of p and 86.
86
Suppose 2 = i - 0*i, -4*v - 3*i + 222 = 0. Suppose d + 10 = v. Let q = -28 + 39. Calculate the highest common factor of q and d.
11
Suppose -5*l - 38 = 47. Let i = l + 22. Suppose -i*v + 4*v = -90. Calculate the highest common factor of 9 and v.
9
Let n = -62 + 17. Let y be ((-36)/14)/(n/210). Let f = 21 - y. What is the greatest common factor of 9 and f?
9
Suppose -4*y + 162 = 5*h, -y + 3*y - 36 = -h. Calculate the highest common factor of 330 and h.
30
Suppose 275 = 4*o - 1965. Suppose 0 = -31*u + 38*u - o. Let j = 32 - 22. What is the greatest common factor of j and u?
10
Suppose -5*t - 10 - 125 = 0. Let v be (t/6)/(3/(-8)). Suppose 4*n - 250 = -2*g, -4*n = -g - 319 + 84. Calculate the greatest common divisor of v and n.
12
Suppose 4*o - 21 - 15 = 5*d, 48 = 4*o - 2*d. Calculate the highest common divisor of o and 350.
14
Let a = 33 + -7. Suppose -125 = -2*q + 239. Calculate the highest common factor of q and a.
26
Suppose 0*w + 22 = 3*w - 4*t, 4*t + 10 = w. Let c(b) = b**2 - 4*b - 4. Let k be c(w). What is the greatest common factor of k and 12?
4
Suppose -5*d = 5*q - 55, 0 = -3*q - 2*q - 3*d + 53. Let f(i) = i**3